 m(g) = g**3 + 6*g**2 + 2*g + 5. List the prime factors of m(-5).
2, 5
What are the prime factors of (-11)/(11/111)*(-4)/6?
2, 37
What are the prime factors of (4*2)/(6/(66 - 0))?
2, 11
Let n be (-8)/(-7)*35/10. Suppose -n*k + 35 = -77. What are the prime factors of k?
2, 7
Let u(i) = -14*i - 18. List the prime factors of u(-12).
2, 3, 5
Let z(w) be the third derivative of -w**5/60 + w**4/3 - 5*w**3/6 + 2*w**2. Let l be z(7). Suppose -7 = -l*n + 11. List the prime factors of n.
3
Suppose -94*s + 96*s = 298. What are the prime factors of s?
149
Suppose 0 = k + 44 - 226. What are the prime factors of k?
2, 7, 13
Suppose -787 = -4*b + 5*h, 365 = 2*b + 3*h - 34. List the prime factors of b.
2, 3, 11
Let a(u) = u. Let b be (-2*4)/(-2 - 0). Suppose -9 = -b*j - 1. What are the prime factors of a(j)?
2
Let j(z) = z - 1. Let a(c) = c**2 - 5*c + 1. Let g(s) = a(s) + 5*j(s). Suppose -16 = -0*i - 4*i. What are the prime factors of g(i)?
2, 3
Suppose -2 = -c + 12. What are the prime factors of c?
2, 7
Let d(z) = 5 - 3*z**3 - z - z**2 + 5*z**3 - z**3. Let o be d(0). Let t = o - 1. What are the prime factors of t?
2
Suppose 4*u = 2*i + 16, 0 = -5*i - 2*u - u + 25. Suppose i*l = 3*g - 4*g + 18, -5*l = -2*g. What are the prime factors of g?
2, 5
Let k(f) = 5*f**2 + f. Let r be k(1). Let s = -3 + r. Suppose -4 = i + 5*x - 12, -5*i = s*x - 40. List the prime factors of i.
2
Let x = -1 - -3. Suppose 3*k - 165 = x*g + 3*g, -4*k + 243 = g. Suppose -4*f = 4*m - k, -f + 40 = 4*m - 8. List the prime factors of m.
11
Let o = 4 + 0. What are the prime factors of (o*3 - 2) + -1?
3
Let h be (-10)/(-45) + 50/18. Suppose -h*g - 2*o - 2*o + 9 = 0, 0 = g - o - 3. Suppose -4 = a - 0*a + g*w, 4*a - 23 = w. What are the prime factors of a?
5
Suppose 3*g - 312 + 6 = 0. Let d be (-1)/(1*(-3)/g). Suppose -4*a + d = -46. List the prime factors of a.
2, 5
Let q = -2 + 14. Suppose -4 = -3*l - 0*l + 2*z, z = -2*l + q. What are the prime factors of l?
2
Suppose 0 = -2*z - 0*z - 2. Let k be (1*z)/(-9 + 8). What are the prime factors of k*(-1 - -6)*1?
5
Suppose -5 = a + 4*r + 1, -5*a - r = 87. List the prime factors of -6*(-3)/6 - a.
3, 7
List the prime factors of (-736)/(-8) - (-1 - -1 - 0).
2, 23
What are the prime factors of ((-16)/3 + 5)*-147?
7
Let c(d) = d - 7. Let l(t) = -t. Let f(z) = c(z) + 2*l(z). List the prime factors of f(-14).
7
Let o = 14 + -8. What are the prime factors of o?
2, 3
Suppose -4*v = -4*q + 26 + 38, -2*q + 27 = 3*v. Let a = 11 - q. Let r(n) = -n**2 - 4*n + 4. What are the prime factors of r(a)?
2
Suppose -7*r + 12*r - 335 = 0. What are the prime factors of r?
67
Let y = 33 + -23. List the prime factors of y.
2, 5
Suppose -c = 2*b + 34, 0 = 6*c - 3*c - 12. What are the prime factors of -1*(b - (3 + -4))?
2, 3
Let q = 10 - 6. Suppose 21 = q*u - 19. List the prime factors of u.
2, 5
Let y(p) = 6*p - 18. What are the prime factors of y(6)?
2, 3
Suppose -p + 575 = 2*p + 5*k, -3*k - 6 = 0. Suppose q - p = -4*q. List the prime factors of q.
3, 13
Let w(q) = -q**2 + 2*q + 2. Let a = 10 - 8. Let c be w(a). List the prime factors of (-38)/(-5) + c/5.
2
Let m(n) = -n**3 - 4*n**2 - 3*n - 2. Suppose -5*u + 10 = 0, r - 4*u = -0*u - 12. Let w be m(r). Suppose -3*i + 38 = -w. What are the prime factors of i?
2
Let z be 5/2*4 - -2. What are the prime factors of 3/(-2)*z*-1?
2, 3
Let m = 123 - -7. What are the prime factors of m?
2, 5, 13
Let o(z) = -z + 3. Suppose -w = 2*w - 6. Let b be o(w). Suppose -3 = -2*p + b. What are the prime factors of p?
2
Suppose 672 = -110*a + 117*a. What are the prime factors of a?
2, 3
What are the prime factors of (-570)/(-5) - -5 - 1?
2, 59
Let d(j) = -7*j + 2. Let i(c) = -8*c + 1. Let u(o) = o**3 + o**2 + o. Let l be u(-2). Let w(r) = l*d(r) + 5*i(r). What are the prime factors of w(10)?
13
List the prime factors of (-8)/6*24/(-16).
2
Let q(d) = -2*d + 66. Let m be q(0). Let l = m - 38. What are the prime factors of l?
2, 7
Let m(t) = t**2 - t - 1. Let i be m(-2). Let c be (-5 - -7)*i/2. Let s = c - 1. List the prime factors of s.
2
Let n(u) = 13*u**2 + 8*u + 17. What are the prime factors of n(-6)?
19, 23
Suppose 0*p = 5*q + 2*p - 100, 5*q - 130 = 4*p. What are the prime factors of q?
2, 11
Let i = 13 + -3. What are the prime factors of i?
2, 5
Let u = 6 + 8. List the prime factors of (-2)/4 - (-161)/u.
11
Suppose 3*z + 1 = -2. Let i be ((-6)/7)/(z/(-7)). Let g(d) = -2*d - 8. List the prime factors of g(i).
2
Suppose 0 = -7*p + 6*p + 116. What are the prime factors of p?
2, 29
Let r be (1/2)/(2/24). Suppose -r + 21 = 5*w. Suppose 0 = w*h + 4*s - 61 + 23, -5*s + 50 = 4*h. What are the prime factors of h?
2, 5
Let z(y) = -y**3 + 11*y**2 + 19*y - 18. What are the prime factors of z(12)?
2, 3, 11
Let v(g) = 12*g**3. Let n be v(2). Let u = n - 44. List the prime factors of u.
2, 13
Let i(f) = f**2 - 12*f + 8. List the prime factors of i(12).
2
Let u(a) be the second derivative of -a**3/3 - 3*a**2 + 3*a. What are the prime factors of u(-5)?
2
Suppose t + 880 = 6*t. List the prime factors of t.
2, 11
Let x be (12/9 - 1)*9. Suppose 0 = a - 6 + x. Suppose 5*h = -a*u - 7 - 1, 8 = 3*u + h. What are the prime factors of u?
2
Suppose 183 = 5*d + 48. List the prime factors of d.
3
Let v(t) be the third derivative of t**6/120 - 7*t**5/60 - t**4/8 - 11*t**3/6 - 7*t**2. List the prime factors of v(8).
29
Suppose 0 = 6*t - 4*t - 4. List the prime factors of 2/t + (-20)/(-4).
2, 3
Let b = -490 + 688. What are the prime factors of b?
2, 3, 11
Suppose 5*i - i = 188. List the prime factors of i.
47
Suppose 2*a + d + 3*d - 10 = 0, 0 = a - 2*d - 1. Suppose -2*o = o - a, 3*o - 17 = -2*g. What are the prime factors of g?
7
Suppose -4*m = 3*y + 2*y - 52, -2*m + y + 12 = 0. Suppose m = 2*n - n. What are the prime factors of n?
2
Suppose 5 = 2*h - 5*p + 2*p, p - 4 = -5*h. Let r be -3*h/(-3)*-1. What are the prime factors of r/(-1) + (-5 - -22)?
2, 3
Let w(v) = -2*v**3 - 2*v**2 + 4*v + 2. Let f be w(-3). Let s = f + -14. What are the prime factors of s?
2, 3
Let i(h) = -2 + h**2 + 0 - 3 + 2. Let f be i(-3). Suppose -3*m = -2*m - f. What are the prime factors of m?
2, 3
Let v be 1/(3/(30/2)). What are the prime factors of 45/v - (0 - -1)?
2
Let f(g) = g**3 + 7*g**2 - 2*g + 7. Let x be f(-7). Suppose 0 = 4*u - 3*u + x. What are the prime factors of (18/u)/((-1)/7)?
2, 3
Let t(y) = -4*y**3 + 2*y**2 + 2*y + 1. List the prime factors of t(-2).
37
What are the prime factors of 2350/34 + (-36)/306?
3, 23
Suppose 5*t = -20, 5*t - 3*t + 3 = -g. Suppose -4*c = -k + 24, -k + g*c = 2*c - 20. List the prime factors of k.
2
Suppose -4*s - 10 = 5*o, 0 = 2*o - 0*o + 4. Suppose -k - 2*y = 2*k - 60, s = -2*k - 3*y + 45. What are the prime factors of k?
2, 3
Let t be -6*(-3 - 20/(-8)). Suppose t*s - 155 = -29. What are the prime factors of s?
2, 3, 7
Let h(x) = -20*x - 2. Let g be h(4). Let s be -3 + -3*g/6. Let w = s + -21. What are the prime factors of w?
17
Let h = 217 - 129. List the prime factors of h.
2, 11
Suppose -5*l + 19 = 3*i, 2*l + 2*l = 3*i + 26. Suppose -l*t + 16 = -t. Suppose 30 = -r + t*r. What are the prime factors of r?
2, 5
Suppose -3*g = -g - 4. Let b be 2*g + -6 + 4. List the prime factors of 15/6*2 + b.
7
Let n(m) = -m + 19. Let k(z) = z - 4. Let f be k(4). List the prime factors of n(f).
19
Let m be (-9)/(-6)*8/3. Suppose -14 = -m*l + 6. List the prime factors of l.
5
Suppose -n + 206 = 44. List the prime factors of n.
2, 3
Let y = 10 - 13. Let p(r) = -2*r**3 - 2*r**2 + 4*r. What are the prime factors of p(y)?
2, 3
Suppose 0 = 5*r - i - 44, -5*r + i + 52 = -2*i. What are the prime factors of r?
2
Let h(f) = -f - 1. Let m be h(-3). Suppose -5*v + 209 = z - 0*z, 62 = m*v - 5*z. List the prime factors of v.
41
Let c(g) = g**2 + 9*g - 12. List the prime factors of c(-12).
2, 3
Let p be -7*(2 - (-5 - -1)). Let g = -6 - p. Suppose -3*o + g = o. List the prime factors of o.
3
Suppose 0 = 2*s + 6, -4*f = 2*s + 59 + 59. Suppose -5*k - 3*a - 14 = 0, 3*k + 0*k + 4*a + 15 = 0. List the prime factors of ((-35)/f)/(k/(-4)).
5
Let w(y) = -6*y**3 + 11*y**2 - y + 12. Let q(u) = -u**3 + u**2 + u + 1. Let l(k) = -5*q(k) + w(k). What are the prime factors of l(5)?
2
Let b(o) = o**2 - o. Let n(g) = g**2 + 3*g + 10. Let l(x) = 2*b(x) - n(x). Let z be l(7). Suppose -z*f - 39 = -7*f. Wha